 2*s + 2*s, q - 2*s - 8 = 0. What are the prime factors of ((-8)/3)/(7/((-273)/q))?
2, 13
Let t(n) = 2923*n**3 - 5*n**2 + 10*n - 6. List the prime factors of t(1).
2, 3, 487
Suppose 3*z + 9770 = 3*n + 2354, 3*n - 4*z - 7413 = 0. What are the prime factors of n?
3, 5, 11
Let c = 6 - -1645. What are the prime factors of c?
13, 127
Let m(f) = -79*f + 45. List the prime factors of m(-4).
19
Let w(m) = -m**3 - 7*m**2 - 11*m + 5. Let r be w(-5). Suppose d = -r*d + 1463. What are the prime factors of d?
7, 19
Suppose 0 = 9*y - 31 - 5. Suppose -2*n - y = 0, -14*n = 3*b - 17*n - 342. List the prime factors of b.
2, 7
Suppose 4*p = -5*d + 3394, 2*p - 3*d + 6*d = 1698. Suppose 5*x + x = p. List the prime factors of x.
3, 47
Let r(d) = -d**3 + 4*d**2 + 7*d - 8. Let n be r(4). Let l = 15 - 26. Let j = n - l. List the prime factors of j.
31
Suppose 4*j = -p + 6*p + 41, 15 = -3*p. Suppose -j*h + 8 = g + 3, -g - 3 = -4*h. Let s = 7 - g. List the prime factors of s.
2, 3
Let l = -8 - -8. Let v = l - -29. List the prime factors of v.
29
Let h(d) = d**2 + 9*d - 15. Let m be h(-10). What are the prime factors of m/((-10)/26) - 1?
2, 3
Suppose -21592 - 6696 = -13*o. What are the prime factors of o?
2, 17
Let k(c) = 9*c + 11. Let r be k(-6). Let p = r - -86. What are the prime factors of p?
43
Suppose -21*d = -15*d - 1722. What are the prime factors of d?
7, 41
Let z(l) = -l + 1. Let q be z(0). What are the prime factors of -2 - 381/(-4 + q)?
5
Let s = -448 + 312. Let b = -234 - s. Let u = -66 - b. List the prime factors of u.
2
Let i(d) = -2*d + 31. Let y be i(17). List the prime factors of (-3925)/(-15) - (-2)/y.
3, 29
Suppose 0 = 2*y + 2*y + 92. Let c be (27/18)/((-2)/12). Let n = c - y. What are the prime factors of n?
2, 7
Suppose -8*p = -1238 - 1522. Let o = -41 + p. What are the prime factors of o?
2, 19
Suppose -7490 - 4708 = -19*m. List the prime factors of m.
2, 3, 107
Suppose 6*g - 400 = -4*u + 3*g, -3*u + g + 300 = 0. Let t = u + -6. List the prime factors of t.
2, 47
Let m be -3 + (-3 - -4) + 140. Suppose 2*r + 2 = 0, -4*w + 1146 - m = -4*r. List the prime factors of w.
251
Suppose -34888 = -26*k - 30*k. What are the prime factors of k?
7, 89
Let f be (-2 + 3)/((-4)/(-52)). Suppose 553 = -6*q + f*q. What are the prime factors of q?
79
Let i(w) = -w**3 + 19*w**2 - 33*w - 3. List the prime factors of i(10).
3, 7
Suppose 0 = -5*o + 4*z + 84, -2*o + z + 33 = -0*o. Let y = o - 10. Suppose y*m - 4*m = 22. What are the prime factors of m?
11
Let v be (-5)/((-5)/2) + 0. Let l be v - ((-12)/(-4) + -5). Suppose 3*o - 2*j = -l*j + 95, -2*j - 21 = -o. What are the prime factors of o?
29
Let d = 21 - 26. Let x be -42 - (-1 + d + 3). Let h = 7 - x. What are the prime factors of h?
2, 23
Suppose -3*q = -q - 48. Let l be (-5)/2 + (-12)/q. Let v = l + 20. What are the prime factors of v?
17
Let k be 10*((-4)/8 + 3). Suppose -3*d + w - k = -5*d, -w = 5*d - 58. List the prime factors of d.
11
What are the prime factors of (-17)/((-102)/(-36)) + 486?
2, 3, 5
Let w(n) = -13*n + 48. List the prime factors of w(-25).
373
What are the prime factors of (-13 - -14)/((-3)/(-2733))?
911
Let l = -186 + 962. What are the prime factors of l?
2, 97
Suppose -4*q = 2*x - 27 + 3, x - 9 = q. Let d(s) = -4*s - 5*s - x + 10. What are the prime factors of d(-4)?
2, 3
Let k(v) = 7*v**2 + 7*v + 11. Let w be k(-4). Suppose 2*s - w + 29 = 0. Suppose -4*l + 3*j = -140, 19 = 2*l + 3*j - s. List the prime factors of l.
2
Let v(n) = 5*n**2 - 69*n - 51. What are the prime factors of v(19)?
443
Let j(t) = -t**3 - 43*t**2 + 86*t - 170. What are the prime factors of j(-46)?
2, 11, 101
Let r be (-1)/(-3) - (-82)/6. Let c(n) = 6*n + 189. Let y be c(-31). Suppose -y*i - 40 = -o, 4*i + 181 - r = 5*o. What are the prime factors of o?
31
List the prime factors of (4/(-7))/((-2)/(-37688)*-8).
2, 673
Suppose 0 = -98*q + 45*q + 16059. List the prime factors of q.
3, 101
Let y = -192 + 372. Suppose 0*f + y = 2*f. List the prime factors of f.
2, 3, 5
Let x(d) = -d**2 - 30*d - 1. List the prime factors of x(-5).
2, 31
Let b be -1*((-1)/1 - -1). Let k be -1 + (253/77 - (-4)/(-14)). Suppose b = -k*p - 5*h + 107, -3*h = 3*p - 4*h - 186. List the prime factors of p.
61
What are the prime factors of ((-43)/4)/((-13)/156)?
3, 43
Suppose -2*i = -3*t - 105, 0 = 5*i + 3*t - 67 - 206. Suppose b + 2*o = i, -2*b + 84 - 6 = -2*o. Let j = -14 + b. What are the prime factors of j?
2, 3, 5
Let a(p) = -5 + 5 - p**3 + 8 + 5*p. List the prime factors of a(-3).
2, 5
Suppose -2*i - 12*i + 17556 = 0. What are the prime factors of i?
2, 3, 11, 19
Let z be 4/5*100/8. Let h = 15 - z. Suppose 4*t = -2*o + 108, h*t + o - 135 = -2*o. What are the prime factors of t?
3
What are the prime factors of 40392/66 - 3/(3/2)?
2, 5, 61
Suppose 3*y + 6 = y, -3*h = -2*y - 24. Let f(p) be the third derivative of p**4/8 - 11*p**3/6 - 5*p**2. What are the prime factors of f(h)?
7
Let q be -6*2*(1 - (-202)/6). Let z = -260 - q. What are the prime factors of z?
2, 3, 13
Let t(i) = -177*i + 346. List the prime factors of t(-30).
2, 7, 101
Let x(l) = 3*l**2 + 5*l - l - l - 2*l**2 - 3. Let g be x(-4). What are the prime factors of g/(((-20)/52)/(-5))?
13
Suppose 0 = 3*w - 2*a + 17, -12 - 9 = 3*w - 3*a. Let d be 6/(w*(-4)/8). Suppose -2 = -2*m + d. List the prime factors of m.
3
Let j = 7263 + -4038. What are the prime factors of j?
3, 5, 43
Let n = 33 - 24. Suppose 0*j = -n*j + 27. What are the prime factors of j?
3
Let z be 7 + -2 - 5/((-5)/(-2)). Suppose 0*g = -5*q + z*g + 688, 4*g + 264 = 2*q. What are the prime factors of q?
2, 5, 7
Let x(f) = 143*f + 18. Let z be x(4). Suppose -z - 282 = -4*t. What are the prime factors of t?
2, 109
Let r(x) = -x**3 + 22*x**2 - 12*x + 141. What are the prime factors of r(13)?
2, 3, 251
Let o(j) = j**3 + 11*j**2 - j - 6. Let w be o(-11). Let r(g) = g - 3. Let c be r(w). List the prime factors of c/((-2)/16*-2).
2
Suppose -72 = -4*f + 2*o, 0 = -5*f - 3*o + 33 + 35. Let m = 10 + f. List the prime factors of m.
2, 13
Let i = -282 - -167. Let h be (-2)/(-3) + i/15. Let c(v) = -2*v + 3. List the prime factors of c(h).
17
Let u(l) = -l**3 + 4*l**2 + 2*l - 4. Let m be u(3). Suppose 5*t + 4 = -m. List the prime factors of -4 - t - 1 - -31.
29
Let n be 2 - -5 - (-2)/2. Suppose -2*p = 4*v - 6 + 16, -15 = 3*v. Suppose -29 = -5*d - 4*w, p*d - n = -3*w + 25. What are the prime factors of d?
3
Suppose -2*a = -201 + 31. Let w be 17 + a - (0 - -3). Suppose -4*y - 7 + w = 0. What are the prime factors of y?
23
Let o(v) = -v**3 - 7*v**2 - 6*v. Let t be o(-6). Suppose 38 = -y - t*y. Let f = y + 54. List the prime factors of f.
2
Suppose 2 = -7*h + 8*h. List the prime factors of (-2310)/(-45)*3/h.
7, 11
Suppose 2226 = -1075*a + 1082*a. List the prime factors of a.
2, 3, 53
Suppose -144*b + 9990 = -135*b. What are the prime factors of b?
2, 3, 5, 37
Let m(b) = -b**2 - 17*b - 9. Let y be m(-16). Let t = 10 - y. Suppose 0 = -t*h + 18 + 21. What are the prime factors of h?
13
Suppose 3376*i - 3530 = 3374*i. What are the prime factors of i?
5, 353
Suppose -1408 + 98 = 5*z. List the prime factors of (-4*z/8)/1.
131
Let p(t) = 2 - 4 + 3 - 2*t**2 + 4*t**2 - 5*t. Let x be p(5). Suppose -4*h + x + 70 = 0. What are the prime factors of h?
2, 3
What are the prime factors of 2/(-14) + (-22)/(-7) + 2002?
5, 401
Let f(r) be the first derivative of r**4/4 + 7*r**3/3 - 3*r**2 + 7*r - 1. Let v be 8/100 + 2832/(-400). List the prime factors of f(v).
7
List the prime factors of -1 + (-26 + 25 - (-1 + -6386)).
5, 1277
Let u = 101 - -232. Suppose -10*h + h + u = 0. What are the prime factors of h?
37
Let q = 159 - 79. List the prime factors of 116*-4*(-15)/q.
3, 29
Suppose -s + 3*m - 15 = -4*s, 0 = -5*s - 4*m + 25. Suppose s*a - 279 = 571. List the prime factors of a.
2, 5, 17
Suppose -8*z + 4*w = -3*z - 591, 0 = z + w - 111. Suppose -385 = 3*m - z. List the prime factors of 10/(-3)*m/12.
5
Let w(s) = -2*s. Let d be w(0). Suppose d*x = -x + 26. List the prime factors of x.
2, 13
Let a be (-8)/36 + (-210)/27. Let j(n) = n**3 + 10*n**2 + 3*n - 3. What are the prime factors of j(a)?
101
Let s be (-2)/1 - (-86 - 9). List the prime factors of 2*1 - 35/(-21)*s.
157
Suppose 4*n + 9 - 53 = 0. Let f = 14 - n. Suppose -30 + 0 = -f*z. What are the prime factors of z?
2, 